 are the prime factors of 16887549?
3, 7, 53, 15173
What are the prime factors of 1615546706?
2, 19, 42514387
What are the prime factors of 327617287?
327617287
List the prime factors of 171081091.
229, 359, 2081
List the prime factors of 83464667.
11, 13, 583669
List the prime factors of 7071966296.
2, 47, 18808421
What are the prime factors of 1815464807?
13, 139651139
What are the prime factors of 19968161?
137, 145753
List the prime factors of 35608753.
599, 59447
List the prime factors of 8215205.
5, 67, 137, 179
List the prime factors of 150176506.
2, 75088253
List the prime factors of 43216846.
2, 653, 33091
What are the prime factors of 126015473?
126015473
List the prime factors of 7779042.
2, 3, 131, 3299
List the prime factors of 34173502.
2, 11, 17, 91373
What are the prime factors of 965735132?
2, 23, 47, 173, 1291
List the prime factors of 112628391.
3, 1609, 23333
What are the prime factors of 36604188?
2, 3, 1016783
List the prime factors of 4093772805.
3, 5, 17, 647, 919
List the prime factors of 328322945.
5, 19, 3456031
List the prime factors of 897280957.
31, 43, 673129
What are the prime factors of 376461000?
2, 3, 5, 73, 191
List the prime factors of 1208575086.
2, 3, 201429181
What are the prime factors of 40383377?
23, 1755799
What are the prime factors of 1377298189?
29, 47493041
List the prime factors of 14310938.
2, 997, 7177
List the prime factors of 325888141.
139, 2344519
What are the prime factors of 1062742042?
2, 1319, 402859
What are the prime factors of 1634962179?
3, 19, 37, 53, 14627
What are the prime factors of 35129939?
13, 17, 158959
What are the prime factors of 3551909523?
3, 1183969841
List the prime factors of 6003103845.
3, 5, 23, 89, 193, 1013
List the prime factors of 9907599.
3, 13, 254041
List the prime factors of 4885378869.
3, 7, 3547, 65587
What are the prime factors of 85912665?
3, 5, 173, 33107
List the prime factors of 882844255.
5, 17, 10386403
What are the prime factors of 50304748?
2, 13, 61, 15859
List the prime factors of 168935369.
168935369
What are the prime factors of 692211466?
2, 37, 281, 33289
List the prime factors of 628481682.
2, 3, 34915649
List the prime factors of 20362852.
2, 5090713
What are the prime factors of 3649204674?
2, 3, 202733593
List the prime factors of 2320140432.
2, 3, 419, 115361
List the prime factors of 172562703.
3, 57520901
List the prime factors of 180525238.
2, 199, 409, 1109
What are the prime factors of 107181863?
23, 491, 9491
List the prime factors of 25450645.
5, 11, 462739
List the prime factors of 878019244.
2, 219504811
List the prime factors of 247610076.
2, 3, 7, 337, 8747
List the prime factors of 43019751.
3, 14339917
List the prime factors of 1354790072.
2, 169348759
What are the prime factors of 862606222?
2, 3697, 116663
What are the prime factors of 1107070955?
5, 221414191
List the prime factors of 93374278.
2, 46687139
What are the prime factors of 2732587410?
2, 3, 5, 7, 19, 227, 431
List the prime factors of 147035470.
2, 5, 3467, 4241
What are the prime factors of 15087389?
193, 78173
What are the prime factors of 237494776?
2, 3943, 7529
What are the prime factors of 206160102?
2, 3, 2579, 4441
List the prime factors of 91982351.
3989, 23059
List the prime factors of 96643519.
7, 19, 37, 41, 479
List the prime factors of 14322511.
7, 2046073
What are the prime factors of 72663517?
72663517
What are the prime factors of 2978165?
5, 223, 2671
What are the prime factors of 4079053?
11, 19, 29, 673
List the prime factors of 35329855.
5, 11, 642361
List the prime factors of 503089683.
3, 449, 373489
List the prime factors of 2277080652.
2, 3, 7, 11, 43, 223, 257
What are the prime factors of 28155184?
2, 547, 3217
What are the prime factors of 103173007?
7, 14739001
List the prime factors of 2729707816.
2, 11, 17, 107, 17053
List the prime factors of 140610193.
140610193
What are the prime factors of 502785666?
2, 3, 53, 353, 1493
What are the prime factors of 6361232567?
17, 23, 16269137
What are the prime factors of 151228199?
31, 79, 61751
List the prime factors of 94212292.
2, 23553073
What are the prime factors of 277047320?
2, 5, 11, 629653
What are the prime factors of 87386816?
2, 11, 101, 1229
What are the prime factors of 76656147?
3, 229, 111581
List the prime factors of 300687457.
7, 29, 1481219
What are the prime factors of 4599583208?
2, 11, 52267991
List the prime factors of 433358705.
5, 13, 1867, 3571
List the prime factors of 81680865.
3, 5, 7, 43, 79, 229
List the prime factors of 92420794.
2, 46210397
What are the prime factors of 55878484?
2, 13969621
List the prime factors of 83350991.
41, 2032951
List the prime factors of 17425565.
5, 19, 31, 61, 97
List the prime factors of 120186671.
11, 2557, 4273
What are the prime factors of 392839085?
5, 61, 1287997
What are the prime factors of 575853890?
2, 5, 57585389
What are the prime factors of 772990097?
11, 41, 149, 11503
List the prime factors of 6972196.
2, 7, 11, 22637
List the prime factors of 647910435.
3, 5, 67, 644687
List the prime factors of 132330820.
2, 5, 19, 348239
What are the prime factors of 3144924850?
2, 5, 62898497
What are the prime factors of 17985463?
17985463
List the prime factors of 640002023.
19, 67, 71, 73, 97
What are the prime factors of 793597104?
2, 3, 71, 77621
List the prime factors of 126875761.
191, 664271
List the prime factors of 699236262.
2, 3, 233, 166723
List the prime factors of 1564591343.
7, 107, 2088907
List the prime factors of 210371164.
2, 41, 1282751
List the prime factors of 160483643.
71, 89, 109, 233
What are the prime factors of 1338105312?
2, 3, 1548733
List the prime factors of 99140621.
99140621
What are the prime factors of 6495036388?
2, 17, 29, 37, 89017
What are the prime factors of 16605923?
17, 151, 6469
What are the prime factors of 2358005833?
2358005833
What are the prime factors of 6797917?
7, 19819
What are the prime factors of 61441723?
7, 17, 211, 2447
List the prime factors of 32530610.
2, 5, 7, 197, 337
What are the prime factors of 2244288985?
5, 727, 617411
List the prime factors of 119978822.
2, 1423, 42157
What are the prime factors of 46546937?
46546937
List the prime factors of 214610742.
2, 3, 47, 84559
What are the prime factors of 736620739?
736620739
What are the prime factors of 2109516520?
2, 5, 31, 37, 45979
List the prime factors of 30173589.
3, 17, 53, 61
List the prime factors of 7950578124.
2, 3, 53, 613, 20393
List the prime factors of 265184984.
2, 33148123
List the prime factors of 217123451.
709, 306239
What are the prime factors of 216656547?
3, 1613, 44773
What are the prime factors of 1506247514?
2, 753123757
List the prime factors of 964297793.
23, 41925991
List the prime factors of 108356328.
2, 3, 1504949
List the prime factors of 991567611.
3, 19, 71, 81671
What are the prime factors of 186252248?
2, 7, 13, 255841
What are the prime factors of 3301621949?
7591, 434939
What are the prime factors of 5351369178?
2, 3, 43, 157, 132113
List the prime factors of 362645207.
17, 21332071
List the prime factors of 255989361.
3, 1109, 76943
What are the prime factors of 214907916?
2, 3, 83, 215771
What are the prime factors of 14791752?
2, 3, 205441
List the prime factors of 619924538.
2, 309962269
List the prime factors of 761833991.
23, 33123217
List the prime factors of 40527460.
2, 5, 2026373
List the prime factors of 270107294.
2, 4721, 28607
What are the prime factors of 3052830867?
3, 1017610289
What are the prime factors of 821070918?
2, 3, 47, 107837
What are the prime factors of 41726038?
2, 3833, 5443
List the prime factors of 1989965238.
2, 3, 10159, 32647
List the prime factors of 163251993.
3, 54417331
List the prime factors of 223201356.
2, 3, 7, 2657159
List the prime factors of 33682840.
2, 5, 842071
What are the prime factors of 2163544354?
2, 1081772177
What are the prime factors of 3804567882?
2, 3, 634094647
What are the prime factors of 288410308?
2, 72102577
List the prime factors of 1227977934.
2, 3, 204662989
List the prime factors of 12444777.
3, 1382753
List the prime factors of 163450157.
13, 83, 151483
List the prime factors of 63823956.
2, 3, 7, 467, 1627
List the prime factors of 157487234.
2, 241, 326737
List the prime factors of 5099559.